{"id":6,"date":"2019-02-10T19:17:25","date_gmt":"2019-02-10T19:17:25","guid":{"rendered":"http:\/\/localhost\/wordpress\/?page_id=6"},"modified":"2022-11-16T07:06:27","modified_gmt":"2022-11-16T07:06:27","slug":"prima-pagina","status":"publish","type":"page","link":"https:\/\/www.statiunea-viticola-iasi.ro\/SCDVV_Iasi\/","title":{"rendered":"Prima pagin\u0103"},"content":{"rendered":"<p>Bine ai venit pe situl t\u0103u! Aceasta e prima ta pagin\u0103, ce va fi v\u0103zut\u0103 de cei mai mul\u021bi vizitatori care vin pe situl t\u0103u pentru prima dat\u0103.<\/p>\n","protected":false},"excerpt":{"rendered":"<p>Bine ai venit pe situl t\u0103u! Aceasta e prima ta pagin\u0103, ce va fi v\u0103zut\u0103 de cei mai mul\u021bi vizitatori care vin pe situl t\u0103u pentru prima dat\u0103.<\/p>\n","protected":false},"author":1,"featured_media":0,"parent":0,"menu_order":0,"comment_status":"closed","ping_status":"closed","template":"page-templates\/business.php","meta":[],"_links":{"self":[{"href":"https:\/\/www.statiunea-viticola-iasi.ro\/SCDVV_Iasi\/wp-json\/wp\/v2\/pages\/6"}],"collection":[{"href":"https:\/\/www.statiunea-viticola-iasi.ro\/SCDVV_Iasi\/wp-json\/wp\/v2\/pages"}],"about":[{"href":"https:\/\/www.statiunea-viticola-iasi.ro\/SCDVV_Iasi\/wp-json\/wp\/v2\/types\/page"}],"author":[{"embeddable":true,"href":"https:\/\/www.statiunea-viticola-iasi.ro\/SCDVV_Iasi\/wp-json\/wp\/v2\/users\/1"}],"replies":[{"embeddable":true,"href":"https:\/\/www.statiunea-viticola-iasi.ro\/SCDVV_Iasi\/wp-json\/wp\/v2\/comments?post=6"}],"version-history":[{"count":1,"href":"https:\/\/www.statiunea-viticola-iasi.ro\/SCDVV_Iasi\/wp-json\/wp\/v2\/pages\/6\/revisions"}],"predecessor-version":[{"id":21,"href":"https:\/\/www.statiunea-viticola-iasi.ro\/SCDVV_Iasi\/wp-json\/wp\/v2\/pages\/6\/revisions\/21"}],"wp:attachment":[{"href":"https:\/\/www.statiunea-viticola-iasi.ro\/SCDVV_Iasi\/wp-json\/wp\/v2\/media?parent=6"}],"curies":[{"name":"wp","href":"https:\/\/api.w.org\/{rel}","templated":true}]}}